{"id":255,"date":"2017-09-20T22:43:52","date_gmt":"2017-09-20T20:43:52","guid":{"rendered":"http:\/\/l-unite.fr\/?page_id=255"},"modified":"2021-07-19T23:48:36","modified_gmt":"2021-07-19T21:48:36","slug":"le-mag","status":"publish","type":"page","link":"https:\/\/l-unite.fr\/index.php\/le-mag\/","title":{"rendered":"Le Mag\u00b4"},"content":{"rendered":"<p>Juin 2021 num\u00e9ro 15<\/p>\n<a class=\" short-btn-green short-btn-large  \" href=\"https:\/\/issuu.com\/carole783\/docs\/mag-n15-juin-2021?fr=sOTJjZDQwMDQ1NDA\" target=\"\">Cliquez ici pour lire<\/a>\n<p><a href=\"https:\/\/issuu.com\/carole783\/docs\/mag-n15-juin-2021?fr=sOTJjZDQwMDQ1NDA\"><img decoding=\"async\" loading=\"lazy\" class=\"alignnone wp-image-716\" src=\"http:\/\/l-unite.fr\/wp-content\/uploads\/2021\/07\/page-1-212x300.jpg\" alt=\"\" width=\"792\" height=\"1121\" srcset=\"https:\/\/l-unite.fr\/wp-content\/uploads\/2021\/07\/page-1-212x300.jpg 212w, https:\/\/l-unite.fr\/wp-content\/uploads\/2021\/07\/page-1-724x1024.jpg 724w, https:\/\/l-unite.fr\/wp-content\/uploads\/2021\/07\/page-1-768x1086.jpg 768w, https:\/\/l-unite.fr\/wp-content\/uploads\/2021\/07\/page-1-1086x1536.jpg 1086w, https:\/\/l-unite.fr\/wp-content\/uploads\/2021\/07\/page-1-1448x2048.jpg 1448w, https:\/\/l-unite.fr\/wp-content\/uploads\/2021\/07\/page-1-scaled.jpg 1811w\" sizes=\"(max-width: 792px) 100vw, 792px\" \/><\/a><\/p>\n<p>Mars 2021 num\u00e9ro 14<\/p>\n<a class=\" short-btn-green short-btn-large  \" href=\"https:\/\/issuu.com\/carole783\/docs\/mg14-2021-mars-3?fr=sMzM4NDM0MjYxNTI\" target=\"\">Cliquez ici pour lire<\/a>\n<p><a href=\"https:\/\/issuu.com\/carole783\/docs\/mg14-2021-mars-3?fr=sMzM4NDM0MjYxNTI\"><img decoding=\"async\" loading=\"lazy\" class=\"alignnone wp-image-708\" src=\"http:\/\/l-unite.fr\/wp-content\/uploads\/2021\/04\/page-1-212x300.jpg\" alt=\"\" width=\"789\" height=\"1117\" srcset=\"https:\/\/l-unite.fr\/wp-content\/uploads\/2021\/04\/page-1-212x300.jpg 212w, https:\/\/l-unite.fr\/wp-content\/uploads\/2021\/04\/page-1-724x1024.jpg 724w, https:\/\/l-unite.fr\/wp-content\/uploads\/2021\/04\/page-1-768x1086.jpg 768w, https:\/\/l-unite.fr\/wp-content\/uploads\/2021\/04\/page-1-1086x1536.jpg 1086w, https:\/\/l-unite.fr\/wp-content\/uploads\/2021\/04\/page-1-1448x2048.jpg 1448w\" sizes=\"(max-width: 789px) 100vw, 789px\" \/><\/a><\/p>\n<p>D\u00e9cembre 2020 num\u00e9ro 13<\/p>\n<a class=\" short-btn-green short-btn-large  \" href=\"https:\/\/issuu.com\/carole783\/docs\/mg13-final?fr=sODM1ODI1OTk3ODc\" target=\"\">Cliquez ici pour lire<\/a>\n<p><a href=\"https:\/\/issuu.com\/carole783\/docs\/mg13-final?fr=sODM1ODI1OTk3ODc\"><img decoding=\"async\" loading=\"lazy\" class=\"alignnone wp-image-633\" src=\"http:\/\/l-unite.fr\/wp-content\/uploads\/2021\/01\/Couverture-Mag-13-216x300.jpg\" alt=\"\" width=\"790\" height=\"1097\" srcset=\"https:\/\/l-unite.fr\/wp-content\/uploads\/2021\/01\/Couverture-Mag-13-216x300.jpg 216w, https:\/\/l-unite.fr\/wp-content\/uploads\/2021\/01\/Couverture-Mag-13-738x1024.jpg 738w, https:\/\/l-unite.fr\/wp-content\/uploads\/2021\/01\/Couverture-Mag-13-768x1066.jpg 768w, https:\/\/l-unite.fr\/wp-content\/uploads\/2021\/01\/Couverture-Mag-13-1107x1536.jpg 1107w, https:\/\/l-unite.fr\/wp-content\/uploads\/2021\/01\/Couverture-Mag-13-1475x2048.jpg 1475w, https:\/\/l-unite.fr\/wp-content\/uploads\/2021\/01\/Couverture-Mag-13-scaled.jpg 1844w\" sizes=\"(max-width: 790px) 100vw, 790px\" \/><\/a><\/p>\n<p>Septembre 2020 num\u00e9ro 12<\/p>\n<a class=\" short-btn-green short-btn-large  \" href=\"https:\/\/issuu.com\/carole783\/docs\/mg12-septembre-2020?fr=sNWI1ZTE0NjE2NTc\" target=\"\">Cliquez pour lire<\/a>\n<p><a href=\"https:\/\/issuu.com\/carole783\/docs\/mg12-septembre-2020?fr=sNWI1ZTE0NjE2NTc\"><img decoding=\"async\" loading=\"lazy\" class=\"alignnone wp-image-629\" src=\"http:\/\/l-unite.fr\/wp-content\/uploads\/2020\/10\/page-1-212x300.jpg\" alt=\"\" width=\"790\" height=\"1118\" srcset=\"https:\/\/l-unite.fr\/wp-content\/uploads\/2020\/10\/page-1-212x300.jpg 212w, https:\/\/l-unite.fr\/wp-content\/uploads\/2020\/10\/page-1-724x1024.jpg 724w, https:\/\/l-unite.fr\/wp-content\/uploads\/2020\/10\/page-1-768x1086.jpg 768w, https:\/\/l-unite.fr\/wp-content\/uploads\/2020\/10\/page-1-1086x1536.jpg 1086w, https:\/\/l-unite.fr\/wp-content\/uploads\/2020\/10\/page-1-1448x2048.jpg 1448w, https:\/\/l-unite.fr\/wp-content\/uploads\/2020\/10\/page-1-scaled.jpg 1811w\" sizes=\"(max-width: 790px) 100vw, 790px\" \/><\/a><\/p>\n<p>Juin 2020 num\u00e9ro 11<\/p>\n<a class=\" short-btn-green short-btn-large  \" href=\"https:\/\/issuu.com\/carole783\/docs\/mg11-test-1-compressed?fr=sZTRjNjE0NjE2NTc\" target=\"\">Cliquez pour lire<\/a>\n<p><a href=\"https:\/\/issuu.com\/carole783\/docs\/mg11-test-1-compressed?fr=sZTRjNjE0NjE2NTc\"><img decoding=\"async\" loading=\"lazy\" class=\"alignnone wp-image-619\" src=\"http:\/\/l-unite.fr\/wp-content\/uploads\/2020\/07\/Couverture-Mag-11-f-212x300.jpg\" alt=\"\" width=\"790\" height=\"1118\" srcset=\"https:\/\/l-unite.fr\/wp-content\/uploads\/2020\/07\/Couverture-Mag-11-f-212x300.jpg 212w, https:\/\/l-unite.fr\/wp-content\/uploads\/2020\/07\/Couverture-Mag-11-f-724x1024.jpg 724w, https:\/\/l-unite.fr\/wp-content\/uploads\/2020\/07\/Couverture-Mag-11-f-768x1086.jpg 768w, https:\/\/l-unite.fr\/wp-content\/uploads\/2020\/07\/Couverture-Mag-11-f-1086x1536.jpg 1086w, https:\/\/l-unite.fr\/wp-content\/uploads\/2020\/07\/Couverture-Mag-11-f-1448x2048.jpg 1448w, https:\/\/l-unite.fr\/wp-content\/uploads\/2020\/07\/Couverture-Mag-11-f-scaled.jpg 1810w\" sizes=\"(max-width: 790px) 100vw, 790px\" \/><\/a><\/p>\n<p>Mars 2020 num\u00e9ro 10<\/p>\n<a class=\" short-btn-green short-btn-large  \" href=\"https:\/\/issuu.com\/carole783\/docs\/mg10-31-03-2?fr=sNjQyYTExMTY3NzQ\" target=\"\">Cliquez pour lire<\/a>\n<p><a href=\"https:\/\/issuu.com\/carole783\/docs\/mg10-31-03-2?fr=sMmE3ZDE0NjE2NTc\"><img decoding=\"async\" loading=\"lazy\" class=\"alignnone wp-image-577\" src=\"http:\/\/l-unite.fr\/wp-content\/uploads\/2020\/04\/page-1-1-212x300.jpg\" alt=\"\" width=\"789\" height=\"1115\" srcset=\"https:\/\/l-unite.fr\/wp-content\/uploads\/2020\/04\/page-1-1-212x300.jpg 212w, https:\/\/l-unite.fr\/wp-content\/uploads\/2020\/04\/page-1-1-724x1024.jpg 724w, https:\/\/l-unite.fr\/wp-content\/uploads\/2020\/04\/page-1-1-768x1086.jpg 768w, https:\/\/l-unite.fr\/wp-content\/uploads\/2020\/04\/page-1-1-1086x1536.jpg 1086w, https:\/\/l-unite.fr\/wp-content\/uploads\/2020\/04\/page-1-1-1448x2048.jpg 1448w, https:\/\/l-unite.fr\/wp-content\/uploads\/2020\/04\/page-1-1-scaled.jpg 1811w\" sizes=\"(max-width: 789px) 100vw, 789px\" \/><\/a><\/p>\n<p>D\u00e9cembre 2019 num\u00e9ro 9<\/p>\n<a class=\" short-btn-green short-btn-large  \" href=\"https:\/\/issuu.com\/carole783\/docs\/mg9-4?fr=sMTNjNTY3OTc1Mg\" target=\"\">Cliquez pour lire<\/a>\n<p><a href=\"https:\/\/issuu.com\/carole783\/docs\/mg9-4?fr=sMTNjNTY3OTc1Mg\"><img decoding=\"async\" loading=\"lazy\" class=\"alignnone wp-image-556\" src=\"http:\/\/l-unite.fr\/wp-content\/uploads\/2020\/01\/page-1-212x300.jpg\" alt=\"\" width=\"791\" height=\"1120\" srcset=\"https:\/\/l-unite.fr\/wp-content\/uploads\/2020\/01\/page-1-212x300.jpg 212w, https:\/\/l-unite.fr\/wp-content\/uploads\/2020\/01\/page-1-768x1086.jpg 768w, https:\/\/l-unite.fr\/wp-content\/uploads\/2020\/01\/page-1-724x1024.jpg 724w\" sizes=\"(max-width: 791px) 100vw, 791px\" \/><\/a><\/p>\n<p>&nbsp;<\/p>\n<p>&nbsp;<\/p>\n<p>Septembre 2019 num\u00e9ro 8<\/p>\n<a class=\" short-btn-green short-btn-large  \" href=\"https:\/\/issuu.com\/carole783\/docs\/mg8-compressed?fr=sMDQ5ZjM3NjAwMw\" target=\"\">Cliquez pour lire<\/a>\n<p>&nbsp;<\/p>\n<p>&nbsp;<\/p>\n<p><a href=\"https:\/\/issuu.com\/carole783\/docs\/mg8-compressed?fr=sMDQ5ZjM3NjAwMw\"><img decoding=\"async\" loading=\"lazy\" class=\"alignnone wp-image-551\" src=\"http:\/\/l-unite.fr\/wp-content\/uploads\/2019\/10\/page-1-212x300.jpg\" alt=\"\" width=\"799\" height=\"1130\" srcset=\"https:\/\/l-unite.fr\/wp-content\/uploads\/2019\/10\/page-1-212x300.jpg 212w, https:\/\/l-unite.fr\/wp-content\/uploads\/2019\/10\/page-1-768x1086.jpg 768w, https:\/\/l-unite.fr\/wp-content\/uploads\/2019\/10\/page-1-724x1024.jpg 724w\" sizes=\"(max-width: 799px) 100vw, 799px\" \/><\/a><\/p>\n<p>Juin 2019 num\u00e9ro 7<\/p>\n<a class=\" short-btn-green short-btn-large  \" href=\"https:\/\/issuu.com\/carole783\/docs\/mg7-version-1?fr=sODRjZDcyOTU5\" target=\"\">Cliquez pour lire<\/a>\n<p><a href=\"https:\/\/issuu.com\/carole783\/docs\/mg7-version-1?fr=sODRjZDcyOTU5\"><img decoding=\"async\" loading=\"lazy\" class=\"alignnone wp-image-542\" src=\"http:\/\/l-unite.fr\/wp-content\/uploads\/2019\/07\/page-1-212x300.jpg\" alt=\"Cliquez pour lire\" width=\"799\" height=\"1129\" srcset=\"https:\/\/l-unite.fr\/wp-content\/uploads\/2019\/07\/page-1-212x300.jpg 212w, https:\/\/l-unite.fr\/wp-content\/uploads\/2019\/07\/page-1-768x1086.jpg 768w, https:\/\/l-unite.fr\/wp-content\/uploads\/2019\/07\/page-1-724x1024.jpg 724w\" sizes=\"(max-width: 799px) 100vw, 799px\" \/><\/a><\/p>\n<p>&nbsp;<\/p>\n<p>&nbsp;<\/p>\n<p>Mars 2019 Num\u00e9ro 6<\/p>\n<p><a href=\"http:\/\/iframe%20allowfullscreen%20allow=fullscreen%20style=border:none;width:100%;height:600px;%20src=\/\/e.issuu.com\/embed.html?d=cous-sommaire-&amp;doAutoflipPages=true&amp;hideIssuuLogo=true&amp;u=carole783\/iframe\"><iframe style=\"border: none; width: 100%; height: 600px;\" src=\"\/\/e.issuu.com\/embed.html?d=cous-sommaire-&amp;doAutoflipPages=true&amp;hideIssuuLogo=true&amp;u=carole783\" allowfullscreen=\"allowfullscreen\"><\/iframe><\/a><\/p>\n<p>D\u00e9cembre 2018 Num\u00e9ro 5<\/p>\n<p><a href=\"http:\/\/iframe%20allowfullscreen%20allow=fullscreen%20style=border:none;width:100%;height:600px;%20src=\/\/e.issuu.com\/embed.html?d=l-unite-mag-decembre-2018&amp;u=carole783\/iframe\"><iframe style=\"border: none; width: 100%; height: 600px;\" src=\"\/\/e.issuu.com\/embed.html?d=l-unite-mag-decembre-2018&amp;u=carole783\" allowfullscreen=\"allowfullscreen\"><\/iframe><\/a><\/p>\n<p>Septembre 2018 Num\u00e9ro 4<\/p>\n<p><a href=\"http:\/\/iframe%20allowfullscreen%20allow=fullscreen%20style=border:none;width:100%;height:600px;%20src=\/\/e.issuu.com\/embed.html?d=article_carole1&amp;u=carole783\/iframe\"><iframe style=\"border: none; width: 100%; height: 600px;\" src=\"\/\/e.issuu.com\/embed.html?d=article_carole1&amp;u=carole783\" allowfullscreen=\"allowfullscreen\"><\/iframe><\/a><\/p>\n<p>Juin 2018 Num\u00e9ro 3<\/p>\n<p><a href=\"http:\/\/iframe%20allowfullscreen%20allow=fullscreen%20style=border:none;width:100%;height:600px;%20src=\/\/e.issuu.com\/embed.html?d=1-mag3-couverture_-compressed&amp;u=carole783\/iframe\"><iframe style=\"border: none; width: 100%; height: 600px;\" src=\"\/\/e.issuu.com\/embed.html?d=1-mag3-couverture_-compressed&amp;u=carole783\" allowfullscreen=\"allowfullscreen\"><\/iframe><\/a><\/p>\n<p>Mars 2018 Num\u00e9ro 2<\/p>\n<p><a href=\"http:\/\/iframe%20allowfullscreen%20allow=fullscreen%20style=border:none;width:100%;height:600px;%20src=\/\/e.issuu.com\/embed.html?d=mag-mars-c-a-b&amp;u=carole783\/iframe\"><iframe style=\"border: none; width: 100%; height: 600px;\" src=\"\/\/e.issuu.com\/embed.html?d=mag-mars-c-a-b&amp;u=carole783\" allowfullscreen=\"allowfullscreen\"><\/iframe><\/a><\/p>\n<p>D\u00e9cembre 2017 Num\u00e9ro 1<\/p>\n<p><a href=\"http:\/\/iframe%20allowfullscreen%20allow=fullscreen%20style=border:none;width:100%;height:600px;%20src=\/\/e.issuu.com\/embed.html?d=l-unite-le-mag-beta-02.compressed&amp;u=carole783\/iframe\"><iframe style=\"border: none; width: 100%; height: 600px;\" src=\"\/\/e.issuu.com\/embed.html?d=l-unite-le-mag-beta-02.compressed&amp;u=carole783\" allowfullscreen=\"allowfullscreen\"><\/iframe><\/a><\/p>\n","protected":false},"excerpt":{"rendered":"<p>Juin 2021 num\u00e9ro 15 Mars 2021 num\u00e9ro 14 D\u00e9cembre 2020 num\u00e9ro 13 Septembre 2020 num\u00e9ro 12 Juin 2020 num\u00e9ro 11 Mars 2020 num\u00e9ro 10 D\u00e9cembre 2019 num\u00e9ro 9 &nbsp; &nbsp; Septembre 2019 num\u00e9ro 8 &nbsp; &nbsp; Juin 2019 num\u00e9ro 7 &nbsp; &nbsp; Mars 2019 Num\u00e9ro 6 D\u00e9cembre 2018 Num\u00e9ro 5 Septembre 2018 Num\u00e9ro 4 Juin [&hellip;]<\/p>\n","protected":false},"author":1,"featured_media":613,"parent":0,"menu_order":0,"comment_status":"closed","ping_status":"closed","template":"","meta":[],"_links":{"self":[{"href":"https:\/\/l-unite.fr\/index.php\/wp-json\/wp\/v2\/pages\/255"}],"collection":[{"href":"https:\/\/l-unite.fr\/index.php\/wp-json\/wp\/v2\/pages"}],"about":[{"href":"https:\/\/l-unite.fr\/index.php\/wp-json\/wp\/v2\/types\/page"}],"author":[{"embeddable":true,"href":"https:\/\/l-unite.fr\/index.php\/wp-json\/wp\/v2\/users\/1"}],"replies":[{"embeddable":true,"href":"https:\/\/l-unite.fr\/index.php\/wp-json\/wp\/v2\/comments?post=255"}],"version-history":[{"count":70,"href":"https:\/\/l-unite.fr\/index.php\/wp-json\/wp\/v2\/pages\/255\/revisions"}],"predecessor-version":[{"id":720,"href":"https:\/\/l-unite.fr\/index.php\/wp-json\/wp\/v2\/pages\/255\/revisions\/720"}],"wp:featuredmedia":[{"embeddable":true,"href":"https:\/\/l-unite.fr\/index.php\/wp-json\/wp\/v2\/media\/613"}],"wp:attachment":[{"href":"https:\/\/l-unite.fr\/index.php\/wp-json\/wp\/v2\/media?parent=255"}],"curies":[{"name":"wp","href":"https:\/\/api.w.org\/{rel}","templated":true}]}}